1243001 (base 6) in base 5?
42113402
Convert -345402 (base 7) to base 11.
-42598
Convert -1135870 (base 9) to base 12.
-257769
Convert -6bc3a (base 16) to base 12.
-193536
-23202032 (base 4) to base 13
-18674
Convert -705bb4 (base 12) to base 8.
-6536170
-271 (base 9) to base 6
-1014
What is 298b6 (base 14) in base 12?
4b908
10100111111111001 (base 2) to base 9
140875
What is -3014121020 (base 5) in base 7?
-102015601
14050008 (base 9) to base 10
6941546
Convert 2bc288a (base 13) to base 15.
1383b58
Convert -5337380 (base 10) to base 16.
-517124
2dce15 (base 15) to base 2
1000011110001000000001
-1100230 (base 5) to base 10
-18815
-1130023231 (base 4) to base 14
-9b861
-102020101121212 (base 3) to base 10
-5971694
-102202112022 (base 3) to base 9
-382468
132231200020 (base 4) to base 9
16130427
123222023 (base 5) to base 9
1116107
-10442558 (base 9) to base 15
-69a785
What is -1032403 (base 6) in base 5?
-3113443
1e610e (base 15) to base 7
15436661
3a6839 (base 13) to base 4
11121032313
What is 1022020010222 (base 3) in base 5?
134142021
What is -32343420 (base 5) in base 16?
-43de1
What is -204224114 (base 5) in base 3?
-1121021102120
Convert 1111111000001101000 (base 2) to base 15.
a4266
-278aba (base 14) to base 10
-1368636
222111120101 (base 3) to base 5
113143100
203345 (base 9) to base 2
11101011011111001
-388a2 (base 15) to base 8
-541133
-13a58 (base 12) to base 9
-41555
What is -10322033423 (base 5) in base 15?
-e9bee3
Convert -274130 (base 12) to base 13.
-199a7c
Convert -85c54 (base 13) to base 8.
-727642
What is -212000303233 (base 4) in base 12?
-34067a7
3c2a11 (base 13) to base 16
1651b5
What is -330221422 (base 5) in base 8?
-5311543
What is 635d3 (base 15) in base 9?
530330
-66251 (base 9) to base 7
-242062
423324 (base 6) to base 5
2100333
What is 1344066 (base 8) in base 15?
77424
Convert 114011 (base 6) to base 13.
46ab
682520 (base 10) to base 12
28ab88
-104cbb (base 13) to base 11
-241222
Convert 3443105 (base 7) to base 13.
121163
What is 5465031 (base 7) in base 14?
136a88
Convert -2766724 (base 9) to base 13.
-413149
What is 110011111101111 (base 2) in base 11?
18a99
What is -1075cd (base 15) in base 3?
-1110211212211
Convert -114313 (base 7) to base 6.
-240001
Convert -12140315 (base 6) to base 9.
-647842
-30712 (base 13) to base 9
-142154
11010010101000011100011 (base 2) to base 9
13878664
Convert 1012220110112 (base 3) to base 4.
2132020022
Convert 1b3a5 (base 12) to base 4.
21311231
Convert 11657627 (base 10) to base 11.
6642603
7103550 (base 8) to base 3
10111222201010
What is 11111000010010100101 (base 2) in base 15?
1514ec
What is ad75 (base 15) in base 9?
55412
Convert -81119b (base 14) to base 8.
-20444425
Convert 220002002112200 (base 3) to base 12.
4350b90
What is 10110111010000010 (base 2) in base 12?
4636a
-1b10d (base 14) to base 13
-25420
31226261 (base 7) to base 4
22001310131
-48a3267 (base 11) to base 12
-2a317b6
What is 10213023102 (base 4) in base 3?
2021102111100
-1322312134 (base 6) to base 2
-111100010000001010011010
Convert 241420101 (base 5) to base 2.
100010010001101001111
Convert 41814 (base 9) to base 8.
65762
What is -575168 (base 10) in base 11?
-363150
Convert 11c93c (base 16) to base 2.
100011100100100111100
16308 (base 14) to base 12
28130
What is 551535 (base 7) in base 9?
156523
-2786324 (base 13) to base 7
-211130132
-451041 (base 6) to base 4
-21033001
Convert -2b679b (base 15) to base 6.
-112543032
24a69 (base 14) to base 7
522662
What is 93107 (base 13) in base 2?
1000000011010001000
Convert -5c7e83 (base 15) to base 2.
-10000111001110110101001
Convert -156222 (base 9) to base 16.
-1789a
What is -69c60 (base 15) in base 4?
-1102100103
1322311 (base 5) to base 16
67d5
343537 (base 8) to base 11
7a648
What is -13211114 (base 5) in base 4?
-200033002
What is -10354432 (base 6) in base 9?
-523262
-1201333041 (base 5) to base 13
-759014
What is -10000011101100001 (base 2) in base 7?
-400401
403230210 (base 5) to base 9
3034773
Convert 61060220 (base 7) to base 12.
1848015
Convert 1111331021 (base 4) to base 13.
c4337
110010010011101011 (base 2) to base 13
72a39
136606232 (base 7) to base 10
9044345
-2231220103 (base 4) to base 16
-ada13
Convert 1146c5 (base 15) to base 12.
33954b
What is -1d2077 (base 15) in base 10?
-1424362
69b74 (base 13) to base 5
22134333
Convert 139a68 (base 15) to base 6.
32122125
511437 (base 8) to base 13
5ba58
What is 18565c (base 13) in base 14?
11cda1
Convert 12274a (base 12) to base 9.
488374
31040302 (base 5) to base 11
162846
What is -6b8187 (base 12) in base 5?
-421011114
2141440 (base 6) to base 12
51880
What is 7888427 (base 9) in base 5?
2042014043
Convert -4684243 (base 11) to base 4.
-133023322323
What is 10159a (base 11) in base 6?
3255024
af5be (base 16) to base 13
1c1c17
11322323 (base 5) to base 8
314411
-1a15e0 (base 15) to base 14
-250d43
What is 122210331 (base 5) in base 2?
10001110110110000011
Convert -311432002 (base 5) to base 12.
-518a78
Convert -2e4655 (base 15) to base 7.
-25026461
What is 212133010 (base 4) in base 3?
22000020101
-396b4 (base 15) to base 16
-2cdd9
What is 52847 (base 14) in base 8?
605037
What is -1100011102121 (base 3) in base 5?
-140234232
Convert -332732 (base 8) to base 15.
-2332a
Convert 186353 (base 15) to base 9.
2206026
Convert c2c55 (base 16) to base 3.
1111112100110
22321 (base 11) to base 6
405402
1005120 (base 6) to base 9
72483
-66a75 (base 13) to base 7
-1404151
What is 13204322 (base 5) in base 6?
2454205
Convert -12317025 (base 8) to base 16.
-299e15
-32102120101 (base 4) to base 7
-43556143
Convert 74697 (base 11) to base 8.
324143
-7125763 (base 8) to base 15
-271b37
Convert 218870 (base 16) to base 6.
115034052
What is 15839 (base 15) in base 4?
100323222
What is 35326 (base 10) in base 11?
245a5
What is -3c425c (base 13) in base 12?
-5a8332
What is 10001000100012 (base 3) in base 13?
4469a5
Convert 118735 (base 12) to base 10.
284441
-bb49a (base 12) to base 9
-416821
Convert 26da07 (base 14) to base 12.
54979b
What is -869a2 (base 13) in base 15?
-4c168
-1055104 (base 6) to base 7
-314116
Convert 367846 (base 10) to base 6.
11514554
Convert 4240465 (base 7) to base 3.
222010011011
Convert -121100012 (base 4) to base 10.
-103430
What is 229266 (base 10) in base 4?
313332102
What is bca1 (base 13) in base 14?
9846
What is -200265331 (base 7) in base 15?
-103ae71
-113751 (base 11) to base 2
-101100000101101100
-b02aa (base 13) to base 12
-132109
18dcdc (base 15) to base 13
33537c
What is 441334123 (base 5) in base 16?
1d074d
What is 1211211101 (base 3) in base 4?
20313211
1000100100110000001 (base 2) to base 4
1010212001
-131033 (base 4) to base 14
-979
What is 672322 (base 8) in base 10?
226514
Convert -519a64 (base 11) to base 4.
-3023122003
What is 12c76a (base 16) in base 12?
4b4262
What is 22024141 (base 7) in base 3?
10112221201111
Convert 1000101110010 (base 3) to base 15.
a9ac3
What is -11134430 (base 5) in base 16?
-18425
Convert 242232210 (base 5) to base 3.
2010120202220
192c72 (base 13) to base 15
c818c
What is -11011110011110 (base 2) in base 10?
-14238
Convert -11000011110010111111 (base 2) to base 7.
-6550100
-2553505 (base 6) to base 2
-100010000011110001
11799419 (base 10) to base 2
101101000000101101111011
-22544202 (base 7) to base 3
-10201110121120
Convert 11120211000 (base 3) to base 9.
146730
-3504305 (base 6) to base 7
-1346162
What is -16040513 (base 9) in base 11?
-4573250
b6bb3 (base 16) to base 7
6235056
Convert 1031100033 (base 4) to base 3.
121002001200
Convert -4033033 (base 6) to base 10.
-191181
What is 3102130010 (base 4) in base 14?
1861a4
127660 (base 8) to base 5
2414401
What is -84132 (base 9) in base 4?
-31203122
Convert 81598 (base 13) to base 15.
4898a
What is -410102 (base 7) in base 15?
-159a5
1314114 (base 5) to base 10
26159
What is -11111111000111100100100 (base 2) in base 15?
-b01e46
Convert 33400300 (base 6) to base 14.
1c4616
What is -a8536 (base 16) in base 4?
-2220110312
What is 24342030 (base 5) in base 7?
1651102
Convert 31441102 (base 5) to base 16.
40bc0
Convert -260114 (base 9) to base 3.
-22000010111
What is -22512 (base 12) in base 14?
-128d8
What is 547769 (base 10) in base 16?
85bb9
-11026 (base 15) to base 8
-151424
What is 42123231 (bas